 divided by 231?
224
Let q = -15699 - -16856. What is the remainder when q is divided by 165?
2
Let c = 44782 + -44529. Calculate the remainder when 2283 is divided by c.
6
Let b be 1 + 4 + -8 + -12. Calculate the remainder when ((-44)/20)/(3/b) is divided by 5.
1
Suppose -3*t + 5*j = -183, 5*j + 473 = t + 402. What is the remainder when 1679 is divided by t?
55
Suppose -202*n + 205*n = 1419. What is the remainder when n is divided by 15?
8
Let w = 21 - 8. Let f(o) = 3*o**3 + o**2 - 2*o - 9. Let b be f(0). What is the remainder when (b + (1 - -10))*37/2 is divided by w?
11
Calculate the remainder when 5/2*-6 - -400 is divided by 33.
22
Suppose 32 = d + 38. Suppose 0*a + 685 = 5*a. What is the remainder when a is divided by (3/(-8)*-4)/(d/(-184))?
45
Suppose 4*h = 3*r + 277, 3*h - 185 = -4*r + 54. Let l(x) = x**3 + 57*x**2 + 16*x + 933. Calculate the remainder when h is divided by l(-57).
10
Suppose -2*s - 5*s = -526 - 132. Suppose 2*q + m - 45 = -0*m, -4*q - 4*m + 80 = 0. Calculate the remainder when s is divided by q.
19
Suppose 189*q + 25 = 188*q. What is the remainder when (-147453)/(-1587) - (q/23 + 1) is divided by 22?
5
Suppose 0 = p + 13 - 22. Suppose 8*a = p*a + 3*g - 351, 3*g = -4*a + 1413. Calculate the remainder when a is divided by 21.
18
Let c(k) = 2*k**2 - 24*k + 20. Let n be c(15). Suppose 8*h - n = 42. Calculate the remainder when h is divided by -3 + 14 + (-1 - -2) + 2.
5
Let k = 68 + -2. Let f(u) = u**2 - 87*u + 1894. What is the remainder when k is divided by f(45)?
2
Let w be (-3)/6 - (-75)/10. Calculate the remainder when 167 is divided by 2*(w/(-21))/(2/(-102)).
31
Let k = -243 - -247. Calculate the remainder when 31 is divided by -33*(8/12 + (-4)/k).
9
Suppose 3*y - 6 + 18 = -3*h, 34 = -5*y + 2*h. What is the remainder when -2 - (0 - -33)*4/y is divided by 9/(-5)*(-10)/3?
2
Let b = 1583 + -1529. What is the remainder when b is divided by 15?
9
Let c(x) = -29*x**2 - 223*x - 2. What is the remainder when 300 is divided by c(-7)?
24
Let y(t) = -6*t + 172. Let d be y(28). Suppose 3*w + 5*j - 5 = 0, -2*w + 3*j = 6*j - d. What is the remainder when 18 is divided by w?
3
Suppose 0 = -159*f + 52912 + 6395. Calculate the remainder when f is divided by 128.
117
Let r be 7 + (-1)/(8/16). Suppose -r*j + 62 = a, -8*j - 223 = -4*a - 3*j. Calculate the remainder when (-283)/((-1 - -2) + -2) is divided by a.
55
Suppose -26*k = -779 + 233. What is the remainder when 69 is divided by 18/k*(-105)/(-5)?
15
Suppose -3*i = v - 0*v - 74, 3*i - v - 64 = 0. Let u(g) = 7*g**3 + 162*g**2 + 21*g - 1. What is the remainder when u(-23) is divided by i?
22
Let j(m) = -11*m**3 - m**2 - 7*m - 19. What is the remainder when 179 is divided by j(-2)?
21
Let l(v) = 225*v**2 + 55*v + 4. Calculate the remainder when l(-3) is divided by 111.
88
Let v(q) = -12*q - 2. Let d = -6606 - -6645. Calculate the remainder when d is divided by v(-2).
17
Suppose -11454 = -24*p - 59*p. What is the remainder when 3448 is divided by p?
136
Let k be 276/16 + 3 - 39/(-52). Calculate the remainder when ((-938)/k)/((-9)/27) is divided by (34/4)/(1/2).
15
Let g(c) = -c**3 - 5*c**2 + 11*c + 1. Let j(p) = 7*p - 7. Let l be j(3). What is the remainder when g(-8) is divided by 2 + 735/l - (-1)/(-2)?
51
Suppose 51*o - 43*o + 2768 = 0. Let w = 368 + o. Calculate the remainder when 42 is divided by w.
20
Let f = -5576 + 5644. Calculate the remainder when f is divided by 56.
12
Let c(y) = -y**3 + 5*y**2 + 3*y + 622. What is the remainder when c(0) is divided by 91?
76
Let c = -26364 - -27417. Calculate the remainder when 2122 is divided by c.
16
Suppose -10*c - 15*c = -150. Suppose c*l - 285 = 177. Calculate the remainder when l is divided by (-1 + 2)*(29 - 2).
23
Let l(r) = -285*r + 11416. Calculate the remainder when 8779 is divided by l(40).
11
Let a(j) = j**3 - 7*j**2 - 7*j - 28. Suppose 3*u = -4*x + 847, -u + 2*u - 423 = -2*x. What is the remainder when x is divided by a(9)?
69
Let g(s) = -2*s**2 + 86*s - 748. What is the remainder when 950 is divided by g(26)?
134
Suppose -3*t = 2*v - 40, -3*v = 3*t - 6 - 39. What is the remainder when 21 is divided by t?
1
Suppose -30 = -13*y - 23*y + 1374. What is the remainder when 5693 is divided by y?
38
Suppose -11*d = -6*d + g - 34, -5*d + 5*g + 40 = 0. Suppose -4*q = 4*i - 336, -5*q + 72 = d*i - 6*i. What is the remainder when 165 is divided by i?
78
Suppose 660 = o + 19*c - 23*c, -2*c = 4*o - 2568. Calculate the remainder when o is divided by 20.
4
Suppose 7650*p + 9615 = 7665*p. What is the remainder when p is divided by 91?
4
Let a = -192 - -201. Suppose a*b - 210 = 4*b. Calculate the remainder when 251 is divided by b.
41
Let u(n) = n**3 - 6*n**2 + 4*n - 8. Suppose 0*c + 50 = 5*c - 5*k, k = 4*c - 28. Let x = -19885 + 19961. What is the remainder when x is divided by u(c)?
12
Let j(d) = -35*d + 410. Calculate the remainder when j(11) is divided by 12.
1
Let c = -88 + 129. Let k = -316 - -323. Suppose 23*h - 336 = k*h. Calculate the remainder when c is divided by h.
20
Suppose -136*i - 4086 = -127*i. Let l = i - -486. What is the remainder when 222 is divided by l?
30
Let b be 83 + 60/27 + 2/(-9). What is the remainder when (b/(-10) + 3)*-10 is divided by 18*6/4 + 1?
27
Suppose -x + 5*h + 148 = -79, -3*x + 609 = 3*h. Let a = x + -173. Calculate the remainder when a is divided by 10.
4
Let a(v) = 5*v - 3. Suppose -672*k = -681*k + 18. Suppose 3*w - 5*y = -w + 33, -k*w - 2*y = -30. What is the remainder when a(5) is divided by w?
10
Calculate the remainder when (-1472)/460*(285/2)/(-3) is divided by 143.
9
Let n = -491 + 490. What is the remainder when (50/(-175))/(n/119) is divided by 14?
6
Let p(m) = -m**3 - 5*m**2 + 13*m + 17. Calculate the remainder when (-1 - -16)*((-14)/3 + 8) is divided by p(-7).
2
Let l(p) = 3*p**3 - 4*p**2 + 5*p - 1. What is the remainder when 692 is divided by l(2)?
12
Let o = 282 + -201. Calculate the remainder when o is divided by ((-116)/(-145))/((-2)/(-55)).
15
Let o(b) = -b**2 + 98*b - 827. What is the remainder when o(15) is divided by 186?
46
Suppose -408 = -26*r + 2*r. Let p(g) = g**3 - 5*g**2 - 4*g. Let u be p(5). Let b = u + 29. What is the remainder when r is divided by b?
8
Suppose -3*n + 147 - 18 = -4*d, 0 = 4*n + 3*d - 197. Suppose -1180*b - 460 = -1203*b. Let x = n - b. What is the remainder when 107 is divided by x?
26
Suppose -16 = -4*i - 12. Let p be i*(330 + 3/(-5 - -2)). Suppose -113 + p = 6*j. What is the remainder when 105 is divided by j?
33
Suppose 3*w - 122 = -4*t + 198, 2*w = 5*t - 377. Let n = 241 + -220. Calculate the remainder when t is divided by n.
14
Let i = 700 - 626. Calculate the remainder when 251 is divided by i.
29
Suppose -7 + 1 = -2*h. Suppose 3*n - 2*c = -2445, 8*c - h*c = -n - 815. Calculate the remainder when (-1)/(-4) + n/(-20) is divided by 14.
13
Let m = 26 - 23. Let b = 17 - 13. Suppose 4*g + 5*w + 23 = 6*g, -b*g + 5*w + 41 = 0. What is the remainder when g is divided by m?
0
Suppose -1 = -i, -3*k + 83 - 16 = -5*i. Let h = 295 + -301. What is the remainder when k is divided by ((-42)/4)/(h + (-252)/(-48))?
10
Let f be 0 - ((-2 + 1 - -4) + 43). Let m = f + 242. Suppose -3*v - g = -m, 0 = 4*v - 5*v - 5*g + 70. Calculate the remainder when v is divided by 22.
21
Let w(u) = -7*u + 12. Let g(p) = p**3 + 3*p**2 + 12. Let r be g(-4). Let a be w(r). Suppose 0 = 8*m + a - 168. Calculate the remainder when 93 is divided by m.
13
Suppose -2*o - t = -44, o - 3*t - 114 + 113 = 0. What is the remainder when 4270 is divided by o?
14
Suppose 18 = u - 3*t, -3*u - 3*t - 13 + 31 = 0. Calculate the remainder when 35 is divided by u.
8
Suppose 99*d + 5179 - 19763 = 50756. Calculate the remainder when d is divided by 20.
0
Let g(k) be the third derivative of k**4/24 - k**3/2 + 5*k**2. Suppose 5*v + 46 = 71. What is the remainder when g(9) is divided by v?
1
Suppose 41*b - 44*b = -234. Let g = b + -78. Suppose g*s + s = 11. Calculate the remainder when s is divided by 6.
5
Let d(j) = -j + 7. Suppose 4*h + 50 - 2 = 0. Suppose -357*z = -345*z - 2713 + 241. Calculate the remainder when z is divided by d(h).
16
Suppose 2*p = 7 + 15. Let z = -776 - -848. Suppose 21*y - 45*y = -z. Calculate the remainder when p is divided by y.
2
Let z(m) = -m + 268. Calculate the remainder when z(-20) is di